 22297. Suppose 3*w - a = -4*k, 3*k - 1325 - 27 = -2*w. Is w prime?
True
Let l = -18 + 30. Suppose -l*h + 34 = -2. Suppose 5*t - 1538 = c, 5 = -h*c - 4. Is t composite?
False
Suppose 395725 = -2*y - 2*y + 1586049. Is y a composite number?
False
Suppose 43*w + 1103671 = 12*w + 4413882. Is w a composite number?
False
Suppose 16*y = -r + 13*y + 1915, 3*r + 5*y = 5753. Suppose 48*u + r = 49*u. Is u composite?
True
Let r be 3*(1/(-6) - (-1353297)/22). Suppose 8*w = -39060 + r. Is w composite?
True
Let m(c) = -11*c + 75. Let d be m(-5). Suppose -122*h + d*h - 65176 = 0. Is h a composite number?
False
Let z(v) = -v**2 - 11*v + 17. Let n be z(-12). Suppose q = -3*l + 396 + 1184, 0 = 2*q - n*l - 3215. Let f = -922 + q. Is f a prime number?
True
Suppose -4*y = 0, -8*r = -7*r + 2*y + 76536 - 298019. Is r a composite number?
True
Let o(n) = -n**2 - 15*n + 105. Let j be o(5). Let v = -1235 - -1770. Suppose -y = y + j*p - 363, 2*p = 3*y - v. Is y a prime number?
True
Suppose -2*p - 19 = -5*t, -p - p - 4 = -2*t. Suppose 3*m - t - 7 = 0. Suppose 0 = -m*f + 1407 + 2221. Is f a composite number?
False
Suppose 111*c = 69*c + 2115078. Is c prime?
True
Is 120/(-35) + (-18)/(-42) + 213526 composite?
False
Let r(t) = -179917*t - 6377. Is r(-4) a prime number?
False
Let i(b) be the third derivative of b**5/30 + b**4/4 - b**3/2 - 43*b**2. Suppose 27 = 5*l + 7. Is i(l) a prime number?
True
Let l = 183529 - 84774. Is l prime?
False
Suppose 5*q + 34 - 94 = 0. Let m be (-2 + 1)/((-46)/q - -4). Is -3*(-5 - m) - -1982 composite?
False
Suppose -2525375 = -82*y - 43*y. Is y a composite number?
True
Let x(l) = l**3 - 9*l**2 - l + 12. Let j be x(9). Suppose 4*z - 52 + 0 = 4*w, 0 = -3*z - j*w + 15. Is 63 - 3*(-6)/z a prime number?
False
Is 319622 - (1/(-4)*-5 - 330/1320) a composite number?
True
Suppose 0 = -28*m + 24*m + 3*c + 1657631, -1657638 = -4*m + 2*c. Is m prime?
True
Suppose -r + 54 = 2*z, -4*z + r = -0*r - 114. Suppose -z*d = -17640 - 367052. Is d a prime number?
False
Let d = -158 + 176. Let j(g) = 3*g**2 - g - 1. Let c be j(2). Is (-397)/(-2) + c/d prime?
True
Suppose -63*w - 214899 = -3*f - 62*w, 0 = -4*f + w + 286532. Is f composite?
False
Let f(u) = u**3 + 16*u**2 + 12*u - 13. Let b(v) be the third derivative of v**4/24 - 10*v**3/3 - 11*v**2. Let s be b(6). Is f(s) prime?
True
Suppose -3929 = 8*f + 463. Let m = -298 - f. Is m prime?
True
Is (125431 - 3) + 915/(-61) a prime number?
False
Suppose -2*p + 11038 = 2*s, -4*s - 14186 = -4*p + 7922. Let k = p - 3476. Is k a composite number?
True
Suppose 6 = -7*w + 4*w. Let f(u) = 2051*u - 3. Let d(i) = 2051*i - 3. Let h(g) = -4*d(g) + 3*f(g). Is h(w) prime?
False
Suppose 2*n = -o + 2957, -6 = 4*n - 7*n. Suppose 0 = 3*w - o - 12308. Is w composite?
False
Let s(p) = -15*p**3 + 2*p**2 + 14*p - 17. Is s(-14) a prime number?
False
Let i(d) = 2*d**3 + 2*d**2 + 13*d + 8. Let f be i(10). Let g = 931 - f. Let h = g + 2306. Is h composite?
True
Suppose -7*n + 19 = -5*d, 3*d = n - 15 - 6. Let o(a) = -252*a + 23. Let j(x) = 755*x - 70. Let f(w) = 2*j(w) + 7*o(w). Is f(d) composite?
False
Let g = -121 - -122. Let w(a) = -2 - 1 - g - a - 2*a - 3644*a**3. Is w(-1) a prime number?
True
Let k = -201 - -165. Is 26112/5 - k/60 a composite number?
True
Suppose 3*d + 5*g - 592 = 0, 59*g - 599 = -3*d + 55*g. Is d a composite number?
True
Let j = -73996 + 181893. Is j a composite number?
False
Let n(x) = 9*x**2 + 18*x - 26. Suppose c - 40 = 4*z, 0*c + 4*c - 34 = 2*z. Is n(z) a prime number?
True
Let k = 146825 - -239142. Is k a composite number?
False
Let h(s) be the second derivative of 83*s**4/6 + 7*s**3/6 - 7*s**2/2 - 2*s - 2. Is h(2) prime?
False
Is (1/(-2))/(8419894/2806636 + -3) composite?
False
Let y(a) = 1763*a**3 + 14*a**2 - 54*a + 3. Is y(4) a composite number?
False
Let w = 15 - 51. Let b(k) = 4*k**3 + 206*k**2 + 210*k + 26. Let y be b(-50). Is (y/w - 14/(-63))*-2 a prime number?
True
Suppose -107*d = -11045804 - 11270330. Is d prime?
False
Let i(a) = -10*a + 31*a - 46*a - 7 - 17*a - 43*a. Suppose -t = 3*h + 20, 3*t = 4*h - t + 48. Is i(h) a composite number?
False
Suppose -19*c - 132137 = -0*c - 670350. Is c a composite number?
True
Let d(x) = -x + 17. Let a be d(17). Suppose 5*z + 31 = 3*n, -13 = -a*n + n + 3*z. Suppose 6290 = 5*q + k, -q + 3*k = n*k - 1264. Is q a composite number?
False
Let i(d) = 3615*d**2 - 77*d - 261. Is i(-5) a composite number?
False
Let k be (-865)/(-35) + 6/21. Let p be (-8)/(-10)*k/(-10). Is 220 + (-2)/(-4 - p) a composite number?
True
Let j be -1 + (4 - 3) - (1 + -1). Suppose -6*s - 3*s + 0*s = j. Suppose s = 7*f - 9801 - 8665. Is f a composite number?
True
Suppose -24 = -22*t + 59 + 49. Suppose 0 = -5*o - 0*o + 27175. Suppose -2*b + 2174 = 5*n, 3*n - t*n = -5*b + o. Is b a composite number?
False
Let o(b) = -6862*b**3 - 3*b**2 - 2*b + 2. Let t(v) = v - 4. Let h be t(3). Is o(h) composite?
False
Let x(i) = 42*i**2 + 6*i + 4. Let b be x(3). Suppose -b - 190 = 5*f. Is (-2)/4*f/1 composite?
False
Let n(b) = 4469*b - 108. Let q(d) = d + 2. Let p(a) = n(a) + 4*q(a). Is p(3) composite?
True
Suppose 5*v = -2*r + 6905347, 94*r = 92*r + 2. Is v composite?
False
Let d = -12 + 18. Let x(i) = 9*i**3 + 6*i**2 + 7*i - 19. Is x(d) prime?
False
Let l be -2*2*11/(-4). Suppose -3*k = -65 + l. Is 4/k - ((-14407)/9 + -2) a prime number?
False
Suppose 9318 = 4*a - 5*f, f = 89*a - 93*a + 9330. Suppose -1651 = h - 486. Let u = h + a. Is u a prime number?
False
Let a be 7091 + 5 - (-1 - -3). Let g = a - 1105. Is g a prime number?
False
Let v(r) = 115*r**3 - 8*r**2 + 16*r - 9. Let o be v(4). Suppose -4*p + o = -g, 5*p + 2*g - 11946 + 2821 = 0. Is p prime?
True
Let o(i) = 2*i**2 - i + 23368. Let k be o(0). Suppose 20*g = 1812 + k. Is g a composite number?
False
Is ((-7924)/42)/((-8)/10884) a composite number?
True
Suppose -p = -273 + 89. Suppose 3*z - p = -2*r + z, -4*r + z + 393 = 0. Is r prime?
True
Let h be (-10)/200*-4 + 179/5. Suppose 0*w = 4*w - h. Is w a composite number?
True
Suppose 132*u - 7361461 = -2001073. Is u a prime number?
True
Let j be (-2)/(-1 - (-2 - 2))*-6. Suppose 0 = -j*k - 411 + 1583. Is k composite?
False
Let c(i) = -1396*i + 9. Suppose -4*h + 6 = 2*o - 7*o, -2*h - o - 4 = 0. Is c(h) a composite number?
True
Is ((-23835)/42)/((-2)/508) + 6 prime?
False
Let a(j) = -21800*j - 239. Is a(-9) composite?
True
Suppose -n + 2*g - 4*g + 141 = 0, 2*n - 262 = g. Let s = n - 118. Is -2*35907/s*20/(-8) a composite number?
False
Let j(k) = -k**3 - 18*k**2 - 2*k - 28. Let m be j(-18). Suppose 0 = -m*q + 740 + 2612. Is q composite?
False
Let k(m) = -m**3 - 40*m**2 + 31*m - 36. Let c be k(-28). Let g = 12445 - c. Is g composite?
True
Let x(k) = -54*k**3 - 4*k**2 + 10*k + 7. Suppose 0 = 4*d - 4*o + 8, -2*d = -0*o - 5*o - 8. Is x(d) prime?
True
Suppose 171*l + 44*l - 16*l = 79189861. Is l a composite number?
False
Let h(b) be the second derivative of -13/2*b**2 + 8*b - 14/3*b**3 + 0. Is h(-5) prime?
True
Let r(l) = 20*l**3 - 11*l**2 - 12*l + 3. Let x be r(-2). Let b = -37 + 63. Is (b/2)/((-3)/x) a prime number?
False
Let b = 979019 - 631878. Is b prime?
True
Let h(f) = 115*f**3 + 4*f**2 - 10*f + 10. Let n be h(4). Suppose -7429 = -3*l + 3*z - z, 3*l + 5*z = n. Is l composite?
False
Suppose -2*y - f = 641, y - 3*f + 316 = -8*f. Let p = 1798 + y. Is p prime?
False
Is (-1 + ((-276)/(-18) - -8))*489 prime?
False
Let s(f) = -f**2 - 12*f - 12. Let b be s(-11). Let m be (b + 3 + 4)*30/10. Suppose 4*t + 25774 = m*t. Is t a prime number?
False
Let v(k) = 39645*k**2 + 548*k + 1642. Is v(-3) composite?
False
Let t(s) = 397*s**3 + 16*s**2 - 41*s + 1229. Is t(18) prime?
True
Let o(n) = 11341*n**3 + 2*n**2 - 130*n + 368. Is o(3) a prime number?
False
Let g = 294 - 259. Let y(u) = u**3 - 34*u**2 + 39*u + 24. Is y(g) composite?
True
Let v be ((-1)/2)/(1*(-4)/680). Suppose v*u + 12 = 89*u. Suppose -8*a + u*a = -7715. Is a prime?
True
Let a be -31 - (1 - -3)*-1. Let z = a + 25. Is ((-10)/z)/(-5)*-211 a prime number?
True
Let f(y) = 14*y**3 + 2*y**2 - 1. Let i be f(1). Let g be (3 - 55/i)*(-18)/4. Is (4/6)/(g/207) composite?
True
Suppose -588 = -15*k + 927. Suppose 3*j + 92 = k. Suppose -2017 = -j*t + 2*o, 2661 = 4*t - 2*o + 5*o. Is t prime?
False
Let y = -2316 - -27937. Is y composite?
False
Suppose 10*u - 23422 - 228768 = 0. Is u a pr